{"id":62,"date":"2013-01-05T14:11:40","date_gmt":"2013-01-05T13:11:40","guid":{"rendered":"http:\/\/www.werner-herold.de\/wordpress\/?page_id=62"},"modified":"2026-03-02T15:20:21","modified_gmt":"2026-03-02T14:20:21","slug":"modellflugschule","status":"publish","type":"page","link":"https:\/\/www.alpine-heli.de\/?page_id=62","title":{"rendered":"Modellflugschule"},"content":{"rendered":"<p><span style=\"font-size: 14pt;\">Wer das Modellfliegen erlernen m\u00f6chte, oder sein K\u00f6nnen verbessern will, meldet sich am besten direkt bei <a href=\"https:\/\/www.rc-helischule.com\" target=\"_blank\" rel=\"noopener\">Stefan Segerer<\/a>.<\/span><\/p>\n<p><span style=\"font-size: 14pt;\"><img loading=\"lazy\" decoding=\"async\" class=\"alignleft size-medium wp-image-8345\" src=\"https:\/\/www.alpine-heli.de\/wp-content\/uploads\/2022\/04\/Stefan-Segerer-rc-helischule.ch1_-280x192.jpg\" alt=\"\" width=\"280\" height=\"192\" srcset=\"https:\/\/www.alpine-heli.de\/wp-content\/uploads\/2022\/04\/Stefan-Segerer-rc-helischule.ch1_-280x192.jpg 280w, https:\/\/www.alpine-heli.de\/wp-content\/uploads\/2022\/04\/Stefan-Segerer-rc-helischule.ch1_-150x103.jpg 150w, https:\/\/www.alpine-heli.de\/wp-content\/uploads\/2022\/04\/Stefan-Segerer-rc-helischule.ch1_.jpg 613w\" sizes=\"auto, (max-width: 280px) 100vw, 280px\" \/><\/span><\/p>\n<p><span style=\"font-size: 14pt;\"><strong>Mit \u00fcber 15 Jahren Erfahrung bietet euch die<br \/>\nrc-helischule eine professionelle Ausbildung f\u00fcr das Fliegen mit Modellbau Hubschraubern.<br \/>\n<\/strong><b><br \/>\n<\/b>Die rc-helischule wurde 2005 von Stefan Segerer gegr\u00fcndet und er betreibt sie bis heute als Inhaber.<\/span><br \/>\n<span style=\"font-size: 14pt;\">Die Schule ist ein fester Bestandteil der &#8222;<em>Heliszene<\/em>&#8220; in der Schweiz und Deutschland.<\/span><\/p>\n<p><span style=\"font-size: 14pt;\">Die Flugschule ist im Raum N\u00fcrnberg, in Wei\u00dfenburg i. Bayern, in M\u00fcnchen und in Winterthur\/ZH ans\u00e4ssig, und bietet Schulungen in der gesamten Schweiz, in Deutschland und den angrenzenden Nachbarl\u00e4ndern an.<\/span><br \/>\n<span style=\"font-size: 14pt;\">Weiterhin schult Stefan ab und an auf unserem Platz in Taing, um die Anreise der Teilnehmer aus dem S\u00fcden der Republik zu verk\u00fcrzen.<\/span><\/p>\n<p><span style=\"font-size: 14pt;\"><a href=\"https:\/\/www.rc-helischule.com\" target=\"_blank\" rel=\"noopener\">weiterlesen&#8230;<\/a><\/span><\/p>\n","protected":false},"excerpt":{"rendered":"<p>Wer das Modellfliegen erlernen m\u00f6chte, oder sein K\u00f6nnen verbessern will, meldet sich am besten direkt bei Stefan Segerer. Mit \u00fcber 15 Jahren Erfahrung bietet euch die rc-helischule eine professionelle Ausbildung f\u00fcr das Fliegen mit Modellbau Hubschraubern. Die rc-helischule wurde 2005 von Stefan Segerer gegr\u00fcndet und er betreibt sie bis heute als Inhaber. Die Schule ist [&hellip;]<\/p>\n","protected":false},"author":1,"featured_media":0,"parent":0,"menu_order":80,"comment_status":"closed","ping_status":"closed","template":"","meta":{"footnotes":""},"class_list":["post-62","page","type-page","status-publish","hentry"],"_links":{"self":[{"href":"https:\/\/www.alpine-heli.de\/index.php?rest_route=\/wp\/v2\/pages\/62","targetHints":{"allow":["GET"]}}],"collection":[{"href":"https:\/\/www.alpine-heli.de\/index.php?rest_route=\/wp\/v2\/pages"}],"about":[{"href":"https:\/\/www.alpine-heli.de\/index.php?rest_route=\/wp\/v2\/types\/page"}],"author":[{"embeddable":true,"href":"https:\/\/www.alpine-heli.de\/index.php?rest_route=\/wp\/v2\/users\/1"}],"replies":[{"embeddable":true,"href":"https:\/\/www.alpine-heli.de\/index.php?rest_route=%2Fwp%2Fv2%2Fcomments&post=62"}],"version-history":[{"count":59,"href":"https:\/\/www.alpine-heli.de\/index.php?rest_route=\/wp\/v2\/pages\/62\/revisions"}],"predecessor-version":[{"id":8962,"href":"https:\/\/www.alpine-heli.de\/index.php?rest_route=\/wp\/v2\/pages\/62\/revisions\/8962"}],"wp:attachment":[{"href":"https:\/\/www.alpine-heli.de\/index.php?rest_route=%2Fwp%2Fv2%2Fmedia&parent=62"}],"curies":[{"name":"wp","href":"https:\/\/api.w.org\/{rel}","templated":true}]}}