{"id":8256,"date":"2020-07-24T08:40:00","date_gmt":"2020-07-24T07:40:00","guid":{"rendered":"https:\/\/www.alpine-heli.de\/?page_id=8256"},"modified":"2026-03-02T15:21:30","modified_gmt":"2026-03-02T14:21:30","slug":"eu-registrierung","status":"publish","type":"page","link":"https:\/\/www.alpine-heli.de\/?page_id=8256","title":{"rendered":"EU-Registrierung"},"content":{"rendered":"<p><span style=\"font-size: 14pt;\">Liebe MitgliederInnen,<\/span><\/p>\n<p><span style=\"font-size: 14pt;\">ab dem 1. Januar 2021 m\u00fcssen sich alle Betreiber unbemannter Flugsysteme, deren Flugger\u00e4te eine Startmasse von 250 Gramm oder mehr haben, in einer europ\u00e4ischen Datenbank registrieren lassen. Diese Registrierungspflicht ist Teil der EU-Durchf\u00fchrungsverordnung 2019\/947 vom 24. Mai 2019.<\/span><\/p>\n<p><span style=\"font-size: 14pt;\"><img loading=\"lazy\" decoding=\"async\" class=\"alignleft wp-image-8129 size-medium\" src=\"https:\/\/www.alpine-heli.de\/wp-content\/uploads\/2019\/04\/eu-280x186.jpg\" alt=\"\" width=\"280\" height=\"186\" \/>Entgegen der in Artikel 14 geregelten Registrierung jedes einzelnen Betreibers, haben die beiden Verb\u00e4nde DMFV und DAeC die M\u00f6glichkeit, ihre Mitglieder en bloc in das, von Luftfahrtbundesamt betriebene Register einzutragen. Dies geschieht f\u00fcr das einzelne Mitglied unmerklich. Die Gesch\u00e4ftsstelle des DMFV wird sich um alle Formalit\u00e4ten k\u00fcmmern.<\/span><\/p>\n<p><span style=\"font-size: 14pt;\">F\u00fcr die Registrierung in die EU-Datenbank fordert der Gesetzgeber die folgenden Informationen:<\/span><br \/>\n<span style=\"font-size: 14pt;\"><strong>Name, Vorname, Geburtsdatum, Adresse, Telefonnummer und E-Mail-Adresse.<br \/>\nDie ebenfalls vorgeschriebene Versicherungsnummer kommt vom DMFV.<\/strong><\/span><\/p>\n<p><span style=\"font-size: 14pt;\">Die Weitergabe der pers\u00f6nlichen Daten von Euch an uns und von uns en bloc ans Luftfahrtbundesamt erfolgt datenschutzkonform gem\u00e4\u00df Art. 6 Abs. 1 c) + f) DSGVO<\/span><\/p>\n<p><span style=\"font-size: 14pt;\">Alle Alpine Heli Friends Vereinsmitglieder die \u00fcber uns beim DMFV abgerechnet werden, werden somit automatisch erfasst und\u00a0 die Daten \u00fcbermittelt.<\/span><br \/>\n<span style=\"font-size: 14pt;\">Alle anderen Vereinsmitglieder m\u00fcssen sich selbst darum k\u00fcmmern.<\/span><\/p>\n<p>Bitte beachten!<\/p>\n","protected":false},"excerpt":{"rendered":"<p>Liebe MitgliederInnen, ab dem 1. Januar 2021 m\u00fcssen sich alle Betreiber unbemannter Flugsysteme, deren Flugger\u00e4te eine Startmasse von 250 Gramm oder mehr haben, in einer europ\u00e4ischen Datenbank registrieren lassen. Diese Registrierungspflicht ist Teil der EU-Durchf\u00fchrungsverordnung 2019\/947 vom 24. Mai 2019. Entgegen der in Artikel 14 geregelten Registrierung jedes einzelnen Betreibers, haben die beiden Verb\u00e4nde DMFV [&hellip;]<\/p>\n","protected":false},"author":1,"featured_media":0,"parent":2,"menu_order":220,"comment_status":"closed","ping_status":"closed","template":"","meta":{"footnotes":""},"class_list":["post-8256","page","type-page","status-publish","hentry"],"_links":{"self":[{"href":"https:\/\/www.alpine-heli.de\/index.php?rest_route=\/wp\/v2\/pages\/8256","targetHints":{"allow":["GET"]}}],"collection":[{"href":"https:\/\/www.alpine-heli.de\/index.php?rest_route=\/wp\/v2\/pages"}],"about":[{"href":"https:\/\/www.alpine-heli.de\/index.php?rest_route=\/wp\/v2\/types\/page"}],"author":[{"embeddable":true,"href":"https:\/\/www.alpine-heli.de\/index.php?rest_route=\/wp\/v2\/users\/1"}],"replies":[{"embeddable":true,"href":"https:\/\/www.alpine-heli.de\/index.php?rest_route=%2Fwp%2Fv2%2Fcomments&post=8256"}],"version-history":[{"count":4,"href":"https:\/\/www.alpine-heli.de\/index.php?rest_route=\/wp\/v2\/pages\/8256\/revisions"}],"predecessor-version":[{"id":8964,"href":"https:\/\/www.alpine-heli.de\/index.php?rest_route=\/wp\/v2\/pages\/8256\/revisions\/8964"}],"up":[{"embeddable":true,"href":"https:\/\/www.alpine-heli.de\/index.php?rest_route=\/wp\/v2\/pages\/2"}],"wp:attachment":[{"href":"https:\/\/www.alpine-heli.de\/index.php?rest_route=%2Fwp%2Fv2%2Fmedia&parent=8256"}],"curies":[{"name":"wp","href":"https:\/\/api.w.org\/{rel}","templated":true}]}}

<p><span style="font-size: 14pt;">Liebe MitgliederInnen,</span></p>
<p><span style="font-size: 14pt;">ab dem 1. Januar 2021 müssen sich alle Betreiber unbemannter Flugsysteme, deren Fluggeräte eine Startmasse von 250 Gramm oder mehr haben, in einer europäischen Datenbank registrieren lassen. Diese Registrierungspflicht ist Teil der EU-Durchführungsverordnung 2019/947 vom 24. Mai 2019.</span></p>
<p><span style="font-size: 14pt;"><img loading="lazy" decoding="async" class="alignleft wp-image-8129 size-medium" src="https://www.alpine-heli.de/wp-content/uploads/2019/04/eu-280x186.jpg" alt="" width="280" height="186" />Entgegen der in Artikel 14 geregelten Registrierung jedes einzelnen Betreibers, haben die beiden Verbände DMFV und DAeC die Möglichkeit, ihre Mitglieder en bloc in das, von Luftfahrtbundesamt betriebene Register einzutragen. Dies geschieht für das einzelne Mitglied unmerklich. Die Geschäftsstelle des DMFV wird sich um alle Formalitäten kümmern.</span></p>
<p><span style="font-size: 14pt;">Für die Registrierung in die EU-Datenbank fordert der Gesetzgeber die folgenden Informationen:</span><br />
<span style="font-size: 14pt;"><strong>Name, Vorname, Geburtsdatum, Adresse, Telefonnummer und E-Mail-Adresse.<br />
Die ebenfalls vorgeschriebene Versicherungsnummer kommt vom DMFV.</strong></span></p>
<p><span style="font-size: 14pt;">Die Weitergabe der persönlichen Daten von Euch an uns und von uns en bloc ans Luftfahrtbundesamt erfolgt datenschutzkonform gemäß Art. 6 Abs. 1 c) + f) DSGVO</span></p>
<p><span style="font-size: 14pt;">Alle Alpine Heli Friends Vereinsmitglieder die über uns beim DMFV abgerechnet werden, werden somit automatisch erfasst und  die Daten übermittelt.</span><br />
<span style="font-size: 14pt;">Alle anderen Vereinsmitglieder müssen sich selbst darum kümmern.</span></p>
<p>Bitte beachten!</p>

<p>Liebe MitgliederInnen, ab dem 1. Januar 2021 müssen sich alle Betreiber unbemannter Flugsysteme, deren Fluggeräte eine Startmasse von 250 Gramm oder mehr haben, in einer europäischen Datenbank registrieren lassen. Diese Registrierungspflicht ist Teil der EU-Durchführungsverordnung 2019/947 vom 24. Mai 2019. Entgegen der in Artikel 14 geregelten Registrierung jedes einzelnen Betreibers, haben die beiden Verbände DMFV [&hellip;]</p>
